{"id":2619,"date":"2024-04-25T09:26:39","date_gmt":"2024-04-25T07:26:39","guid":{"rendered":"https:\/\/timf.upg-ploiesti.ro\/www\/?page_id=2619"},"modified":"2024-05-29T18:07:27","modified_gmt":"2024-05-29T16:07:27","slug":"calitate","status":"publish","type":"page","link":"https:\/\/timf.upg-ploiesti.ro\/www\/calitate\/","title":{"rendered":"Calitate"},"content":{"rendered":"\n<p>Politica \u00een domeniul asigur\u0103rii calit\u0103\u021bii, care face parte din sistemul de politici al Universit\u0103\u021bii Petrol-Gaze din Ploie\u0219ti, este pus\u0103 \u00een practic\u0103 la nivelurile universit\u0103\u021bii, facult\u0103\u021bii \u0219i departamentului. Aceasta este <a href=\"https:\/\/www.upg-ploiesti.ro\/ro\/politica\">public\u0103<\/a> \u015fi are ca scop principal \u00eembun\u0103t\u0103\u021birea continu\u0103 a calit\u0103\u021bii proceselor de educa\u021bie, cercetare \u015f.a., derulate \u00een cadrul universit\u0103\u021bii. Punerea \u00een practic\u0103 a acestei politici se realizeaz\u0103 cu ajutorul <a href=\"https:\/\/www.upg-ploiesti.ro\/ro\/comisia-de-monitorizare-interna-cmi\">comisiilor de monitorizare intern\u0103<\/a>, prin intermediul unor <a href=\"https:\/\/www.upg-ploiesti.ro\/ro\/proceduri-de-sistem\">proceduri <\/a>specifice, pe baza unui <a href=\"https:\/\/www.upg-ploiesti.ro\/ro\/manualul-calitatii\">manual al calit\u0103\u021bii<\/a>, cu scopul \u00eendeplinirii <a href=\"http:\/\/www.upg-ploiesti.ro\/ro\/obiective-domeniul-calitatii\">obiectivelor \u00een domeniul calit\u0103\u021bii<\/a>, stadiul realiz\u0103rii acestora reie\u0219ind dintr-un <a href=\"https:\/\/www.upg-ploiesti.ro\/ro\/raport-anual-de-activitate\">raport anual de activitate<\/a>, \u00een acesta fiind propuse \u015fi m\u0103suri de \u00eembun\u0103t\u0103\u021bire.<\/p>\n\n\n\n<p>Activit\u0103\u021bile desf\u0103\u0219urate \u00een cadrul universit\u0103\u021bii sunt auditate intern, periodic, conform unui <a href=\"https:\/\/www.upg-ploiesti.ro\/ro\/serviciul-de-management-al-calitatii-smcu\">program<\/a>. De asemenea periodic, au loc \u015fi <a href=\"https:\/\/www.upg-ploiesti.ro\/ro\/serviciul-de-management-al-calitatii-smcu\">instruiri <\/a>cu persoanele implicate \u00een aceste activit\u0103\u021bi, at\u00e2t la nivelul departamentelor, c\u00e2t \u015fi la nivelul echipelor de monitorizare \u015fi managementul riscurilor din universitate. Procese similare au loc \u015fi \u00een cadrul departamentelor universit\u0103\u021bii.<\/p>\n\n\n\n<p>La nivelul facult\u0103\u021bii <a href=\"https:\/\/ls.upg-ploiesti.ro\/managementul-calitatii\">LS<\/a>, respectiv departamentului <a href=\"https:\/\/timf.upg-ploiesti.ro\/www\/calitate\/\">ITIMF<\/a>, informa\u021bii referitoare la asigurarea calit\u0103\u021bii sunt disponibile pe site-ul acestora. Printre acestea, se reg\u0103sesc obiectivele propuse spre a fi realizate, anual, precum \u0219i ce s-a realizat \u00een anul anterior, componen\u021ba comisiei de calitate, analize de management (cum ar fi analizele de disciplin\u0103), rapoarte privind evaluarea cadrelor didactice de c\u0103tre studen\u021bi, registrul anual al riscurilor, raportul anual privind asigurarea calit\u0103\u021bii la nivelul facult\u0103\u021bii \u015f.a.<\/p>\n\n\n\n<p>Politica de asigurare a calit\u0103\u021bii este comunicat\u0103 \u0219i se aplic\u0103 \u00een toate structurile Universit\u0103\u021bii, prin ac\u021biuni organizate, \u00een care sunt implica\u021bi to\u021bi membrii corpului didactic, personalul de cercetare \u0219i studen\u021bii. Pentru fiecare obiectiv propus \u00een domeniul calit\u0103\u021bii sunt precizate etape de realizare, termene, responsabili, resurse \u015fi indicatori. Se urm\u0103re\u0219te \u00eendeplinirea cerin\u021belor incluse \u00een standardele ARACIS pentru evaluarea institu\u021bional\u0103 \u0219i a programelor de studii. <\/p>\n\n\n\n<p>Politica \u00een domeniul calit\u0103\u021bii a UPG Ploie\u0219ti demonstreaz\u0103 locul central al calit\u0103\u021bii \u00een strategia Universit\u0103\u021bii, cu privire la dezvoltarea ofertei educa\u021bionale \u0219i adaptarea acesteia la realit\u0103\u021bile economice \u0219i sociale; implementarea de proceduri la nivel institu\u021bional pentru monitorizarea \u0219i autoevaluarea rezultatelor, bazate pe standarde \u0219i indicatori de performan\u021b\u0103; \u00eembun\u0103t\u0103\u021birea periodic\u0103 a calit\u0103\u021bii \u00een educa\u021bie prin analiza periodic\u0103 a programelor de studii, asigurarea resurselor umane \u0219i financiare corespunz\u0103toare \u00eendeplinirii misiunii \u0219i obiectivelor asumate; asigurarea calit\u0103\u021bii corpului profesoral \u0219i a evolu\u021biei profesionale a acestuia (aptitudini didactice, poten\u021bial de cercetare \u0219tiin\u021bific\u0103, deontologie profesional\u0103); cercetare \u0219tiin\u021bific\u0103 \u00een concordan\u021b\u0103 cu nevoile \u0219i a\u0219tept\u0103rile societ\u0103\u021bii \u015f.a.<\/p>\n\n\n\n<p>\u00cen cadrul UPG Ploie\u0219ti, derularea programelor de studii se face \u00een conformitate cu <em>Regulamentul privind ini\u021bierea, aprobarea, monitorizarea \u0219i evaluarea periodic\u0103 a programelor de studii de licen\u021b\u0103 \u0219i masterat<\/em>, care este aplicat \u00een mod riguros \u015fi consecvent. \u00cen plus, programele de studii sunt monitorizate permanent, de comisii specifice fiec\u0103rui domeniu, \u015fi evaluate anual de conducerea departamentelor coordonatoare, rezultatele fiind discutate ulterior \u00een consiliile \u0219i \u0219edin\u021bele departamentelor, respectiv ale facult\u0103\u021bii. Orice probleme sunt \u00eent\u00e2lnite sunt abordate cu celeritate, pe baza procedurilor specifice.<\/p>\n\n\n\n<p>De asemenea, sunt prev\u0103zute mecanisme de colectare feedback de la studen\u021bi implementate prin proceduri de evaluare a cadrelor didactice de c\u0103tre studen\u021bi \u015fi realizarea de analize de discipline de c\u0103tre cadre didactice. Rezultatele evalu\u0103rilor cadrelor didactice de c\u0103tre studen\u021bi sunt postate pe <a href=\"https:\/\/ls.upg-ploiesti.ro\/managementul-calitatii\">site-ul facult\u0103\u021bii<\/a>. Analizele de discipline sunt discutate \u00een \u0219edin\u021bele de departament.<\/p>\n\n\n\n<p>De asemenea, \u0219i la nivelul departamentului, exist\u0103 un mecanism intern de evaluare semestrial\u0103 de c\u0103tre studen\u021bi a tuturor disciplinelor \u0219i titularilor acestora, at\u00e2t pentru curs, c\u00e2t \u0219i pentru laborator. La nivelul departamentului, se colecteaz\u0103 permanent \u0219i alte tipuri de feedback \u00een ceea ce prive\u0219te procesele instructiv-educative derulate \u00een cadrul programului de master, iar concluziile analizei \u0219i interpret\u0103rii acesteia permit \u00eembun\u0103t\u0103\u021birea programului de studii \u0219i atingerea rezultatelor propuse ale \u00eenv\u0103\u021b\u0103rii.<\/p>\n","protected":false},"excerpt":{"rendered":"<p>Politica \u00een domeniul asigur\u0103rii calit\u0103\u021bii, care face parte din sistemul de politici al Universit\u0103\u021bii Petrol-Gaze din Ploie\u0219ti, este pus\u0103 \u00een practic\u0103 la nivelurile universit\u0103\u021bii, facult\u0103\u021bii \u0219i departamentului. Aceasta este public\u0103 \u015fi are ca scop principal \u00eembun\u0103t\u0103\u021birea continu\u0103 a calit\u0103\u021bii proceselor <a href=\"https:\/\/timf.upg-ploiesti.ro\/www\/calitate\/\" class=\"read-more\">Cite\u0219te mai mult &#8230;<\/a><\/p>\n","protected":false},"author":5,"featured_media":0,"parent":0,"menu_order":0,"comment_status":"closed","ping_status":"closed","template":"","meta":[],"_links":{"self":[{"href":"https:\/\/timf.upg-ploiesti.ro\/www\/wp-json\/wp\/v2\/pages\/2619"}],"collection":[{"href":"https:\/\/timf.upg-ploiesti.ro\/www\/wp-json\/wp\/v2\/pages"}],"about":[{"href":"https:\/\/timf.upg-ploiesti.ro\/www\/wp-json\/wp\/v2\/types\/page"}],"author":[{"embeddable":true,"href":"https:\/\/timf.upg-ploiesti.ro\/www\/wp-json\/wp\/v2\/users\/5"}],"replies":[{"embeddable":true,"href":"https:\/\/timf.upg-ploiesti.ro\/www\/wp-json\/wp\/v2\/comments?post=2619"}],"version-history":[{"count":4,"href":"https:\/\/timf.upg-ploiesti.ro\/www\/wp-json\/wp\/v2\/pages\/2619\/revisions"}],"predecessor-version":[{"id":2676,"href":"https:\/\/timf.upg-ploiesti.ro\/www\/wp-json\/wp\/v2\/pages\/2619\/revisions\/2676"}],"wp:attachment":[{"href":"https:\/\/timf.upg-ploiesti.ro\/www\/wp-json\/wp\/v2\/media?parent=2619"}],"curies":[{"name":"wp","href":"https:\/\/api.w.org\/{rel}","templated":true}]}}