{"id":12,"date":"2014-11-05T21:10:06","date_gmt":"2014-11-05T19:10:06","guid":{"rendered":"https:\/\/timf.upg-ploiesti.ro\/wp\/?page_id=12"},"modified":"2017-06-13T10:53:06","modified_gmt":"2017-06-13T08:53:06","slug":"evenimente","status":"publish","type":"page","link":"https:\/\/timf.upg-ploiesti.ro\/www\/evenimente\/","title":{"rendered":"Evenimente"},"content":{"rendered":"<ul>\n<li><a href=\"http:\/\/timf.upg-ploiesti.ro\/www\/evenimente-stiintifice\/\"><strong>Evenimente stiintifice<\/strong><\/a><\/li>\n<li><a href=\"http:\/\/timf.upg-ploiesti.ro\/www\/evenimente-studentesti\/\"><strong>Evenimente studentesti<\/strong><\/a><\/li>\n<li><a href=\"https:\/\/timf.upg-ploiesti.ro\/www\/evenimente\/workshop-dga\/\"><strong>Workshop DGA<\/strong><\/a><\/li>\n<\/ul>\n<p>&nbsp;<\/p>\n<pre><code><ul class=\"lcp_catlist\" id=\"lcp_instance_0\"><li ><a href=\"https:\/\/timf.upg-ploiesti.ro\/www\/2026\/03\/16\/workshop-explainable-ai-in-education-ifip-aiai-2026\/\" title=\"Workshop \u201eExplainable AI in Education\u201d \u2013 IFIP AIAI 2026\">Workshop \u201eExplainable AI in Education\u201d \u2013 IFIP AIAI 2026<\/a><\/li><li ><a href=\"https:\/\/timf.upg-ploiesti.ro\/www\/2026\/03\/05\/cum-poti-deveni-auditor-pe-securitate-cibernetica\/\" title=\"Cum po\u021bi deveni auditor pe Securitate Cibernetic\u0103?\">Cum po\u021bi deveni auditor pe Securitate Cibernetic\u0103?<\/a><\/li><li ><a href=\"https:\/\/timf.upg-ploiesti.ro\/www\/2026\/02\/27\/intalnire-tmt-id-ploiesti-26-martie-2026\/\" title=\"\u00cent\u00e2lnire TMT ID Ploie\u0219ti &#8211; 26 martie 2026\">\u00cent\u00e2lnire TMT ID Ploie\u0219ti &#8211; 26 martie 2026<\/a><\/li><li ><a href=\"https:\/\/timf.upg-ploiesti.ro\/www\/2025\/12\/11\/eveniment-ziua-portilor-deschise-acuratetea-informatiei-in-contextul-dezvoltarii-inteligentei-artificiale\/\" title=\"Eveniment Ziua Por\u021bilor Deschise &#8211; &#8220;Acurate\u021bea informa\u021biei \u00een contextul dezvolt\u0103rii inteligen\u021bei artificiale&#8221;\">Eveniment Ziua Por\u021bilor Deschise &#8211; &#8220;Acurate\u021bea informa\u021biei \u00een contextul dezvolt\u0103rii inteligen\u021bei artificiale&#8221;<\/a><\/li><li ><a href=\"https:\/\/timf.upg-ploiesti.ro\/www\/2025\/11\/05\/ce-inseamna-sa-fii-student-la-informatica-12-13-noiembrie-2025\/\" title=\"\u201cCe \u00eenseamn\u0103 s\u0103 fii student la Informatic\u0103?\u201d &#8211; 12-13 noiembrie 2025\">\u201cCe \u00eenseamn\u0103 s\u0103 fii student la Informatic\u0103?\u201d &#8211; 12-13 noiembrie 2025<\/a><\/li><li ><a href=\"https:\/\/timf.upg-ploiesti.ro\/www\/2025\/10\/31\/festivalul-de-inovare-si-transfer-tehnologic-fitt-muntenia-2025\/\" title=\"Festivalul de Inovare \u0219i Transfer Tehnologic &#8211; FITT &#8211; Muntenia 2025\">Festivalul de Inovare \u0219i Transfer Tehnologic &#8211; FITT &#8211; Muntenia 2025<\/a><\/li><li ><a href=\"https:\/\/timf.upg-ploiesti.ro\/www\/2025\/10\/14\/workshop-industry-4-0-in-ploiesti-alpha-factory-15-octombrie-2025\/\" title=\"Workshop Industry 4.0 \u00een Ploie\u0219ti &#8211; Alpha Factory &#8211; 15 octombrie 2025\">Workshop Industry 4.0 \u00een Ploie\u0219ti &#8211; Alpha Factory &#8211; 15 octombrie 2025<\/a><\/li><li ><a href=\"https:\/\/timf.upg-ploiesti.ro\/www\/2025\/09\/29\/anunt-proiect-busting\/\" title=\"Anun\u021b \u2013 Proiect BuStIng\">Anun\u021b \u2013 Proiect BuStIng<\/a><\/li><li ><a href=\"https:\/\/timf.upg-ploiesti.ro\/www\/2025\/09\/29\/lab4greenfuture-impactul-ecologic-al-materialelor-plastice-si-al-poluarii-digitale\/\" title=\"Lab4GreenFuture \u2013 Impactul ecologic al materialelor plastice \u0219i al polu\u0103rii digitale\">Lab4GreenFuture \u2013 Impactul ecologic al materialelor plastice \u0219i al polu\u0103rii digitale<\/a><\/li><li ><a href=\"https:\/\/timf.upg-ploiesti.ro\/www\/2025\/06\/11\/intalnire-alpha-factory-software-19-iunie-2025\/\" title=\"\u00cent\u00e2lnire Alpha Factory Software, 19 iunie 2025\">\u00cent\u00e2lnire Alpha Factory Software, 19 iunie 2025<\/a><\/li><\/ul><\/code><\/pre>\n","protected":false},"excerpt":{"rendered":"<p>Evenimente stiintifice Evenimente studentesti Workshop DGA &nbsp;<\/p>\n","protected":false},"author":1,"featured_media":0,"parent":0,"menu_order":4,"comment_status":"closed","ping_status":"closed","template":"","meta":[],"_links":{"self":[{"href":"https:\/\/timf.upg-ploiesti.ro\/www\/wp-json\/wp\/v2\/pages\/12"}],"collection":[{"href":"https:\/\/timf.upg-ploiesti.ro\/www\/wp-json\/wp\/v2\/pages"}],"about":[{"href":"https:\/\/timf.upg-ploiesti.ro\/www\/wp-json\/wp\/v2\/types\/page"}],"author":[{"embeddable":true,"href":"https:\/\/timf.upg-ploiesti.ro\/www\/wp-json\/wp\/v2\/users\/1"}],"replies":[{"embeddable":true,"href":"https:\/\/timf.upg-ploiesti.ro\/www\/wp-json\/wp\/v2\/comments?post=12"}],"version-history":[{"count":8,"href":"https:\/\/timf.upg-ploiesti.ro\/www\/wp-json\/wp\/v2\/pages\/12\/revisions"}],"predecessor-version":[{"id":755,"href":"https:\/\/timf.upg-ploiesti.ro\/www\/wp-json\/wp\/v2\/pages\/12\/revisions\/755"}],"wp:attachment":[{"href":"https:\/\/timf.upg-ploiesti.ro\/www\/wp-json\/wp\/v2\/media?parent=12"}],"curies":[{"name":"wp","href":"https:\/\/api.w.org\/{rel}","templated":true}]}}